
Let x = 411 + -411. Suppose 6*w - 686 - 2638 = x. What are the prime factors of w?
2, 277
Let s(v) = -3*v**2 + 42*v + 26. Let w be s(14). Let k(a) = a**2 - 6*a - 57. List the prime factors of k(w).
463
Suppose 0 = 26*i - 34*i + 24. Suppose -5*y = 4*w - 2*y - 594, i*w - 4*y - 433 = 0. List the prime factors of w.
3, 7
Let i(b) = b**2 - 4*b + 6. Let q be i(2). Suppose -16 = -3*s + q*v + 2*v, 20 = -3*s - 5*v. What are the prime factors of -2*123/(-6) - (0 + s)?
41
Let h(o) = o - 303. Suppose 4 = 4*r + 4*c, 0 = -3*r + 5*c - 5. Let b be h(r). Let u = b + 484. What are the prime factors of u?
181
Let f(h) = 3 + 78 - 19 + 3*h. List the prime factors of f(-12).
2, 13
Let z = 66 - 58. Suppose -z*a = -a - 644. Suppose -q + 272 = 3*u, -u = -2*q + q - a. List the prime factors of u.
7, 13
Suppose 94*x - 1494718 = -436560. What are the prime factors of x?
11257
Let w(p) = -1656*p**3 - 21*p**2 - 48*p + 19. What are the prime factors of w(-3)?
2, 22343
List the prime factors of 756/1764 - 59620/(-14).
4259
Let q(m) = m**2 - 13*m + 28. Let f be q(3). Let x be f/(-6) - (-3 + (-76)/(-12)). List the prime factors of 6/((-9)/x) + (110 - 0).
2, 7
Suppose -2*p - 17*h = -22*h - 24978, -2*h = 4*p - 50004. List the prime factors of p.
29, 431
Let h(r) = 5*r**2 + 3*r - 71. Let y be h(0). Let u = y - -441. What are the prime factors of u?
2, 5, 37
Suppose -2*z + z = 5*g - 545, 3*z - 218 = -2*g. Let j be ((-24)/(-10))/((-1)/(-75)). Let s = j - g. List the prime factors of s.
71
Let g = 197 - 189. Let y = g + 475. List the prime factors of y.
3, 7, 23
Suppose -6*z = -1595 - 1807. Suppose 5*x - 8*x = -z. Suppose -7*k + 259 + x = 0. What are the prime factors of k?
2
Let p(n) = 55*n**2 + 40*n**2 + 139*n - 71*n - 38 - 54*n. List the prime factors of p(3).
859
Suppose 657*y - 27477 + 167995 = 664*y. List the prime factors of y.
2, 10037
Let i(y) = -y**2 + 14*y - 6. Suppose -3*v + 12 = -v. What are the prime factors of i(v)?
2, 3, 7
Suppose -182*n + 275316 = -392806. List the prime factors of n.
3671
Let g = -8688 + 18329. List the prime factors of g.
31, 311
Let m be (-3)/(1*(-18)/12). Suppose -2*p - 575 = -u, 0 = -m*u - 0*u + 3*p + 1146. Suppose 0 = x + 2*x - u. What are the prime factors of x?
3, 7
Let k(x) be the second derivative of x**4/12 + 11*x**3/3 - 36*x**2 - 2*x - 64. List the prime factors of k(19).
7, 101
Let y(j) = -363*j + 14. Suppose 90*u - 96*u - 6 = 0. What are the prime factors of y(u)?
13, 29
Suppose -2*z = m - 6711, -m + 3*z = -10138 + 3422. List the prime factors of m.
7, 137
Suppose u = 22 - 20. Suppose -3*v = 12*b - 17*b + 585, 0 = u*b - 5*v - 253. What are the prime factors of b?
2, 3, 19
Suppose 3*q - q = 18. Let y(h) = h**3 - 27*h**2 + 27*h - 35. Let v be y(26). Let f = q - v. List the prime factors of f.
2, 3
Let x = 46 + -22. Let a be (-546)/(-3)*12/x. Suppose 68 = y - a. What are the prime factors of y?
3, 53
Let n = 134 + -119. What are the prime factors of (-3)/n + (-21862)/(-85)?
257
Let r = -34 + 40. Suppose 0 = r*u - 9*u + 615. Let s = -37 + u. What are the prime factors of s?
2, 3, 7
Let m = -631 - -2431. Let b = m + -960. What are the prime factors of b?
2, 3, 5, 7
Let u = 16 - 53. Let f = 6 + u. Let t = f - -50. What are the prime factors of t?
19
Suppose -3*f - 4*m + 36542 = 0, 4*f + 113*m = 115*m + 48774. What are the prime factors of f?
2, 5, 23, 53
Let b = 301 - 295. Let l(s) = 3*s**3 - 3*s**2 - 8*s - 4. Let h(o) = -o**3 + o. Let g(n) = 2*h(n) + l(n). List the prime factors of g(b).
2, 17
Suppose 2*n - 3*w = 71, n = 6*n + w - 135. Suppose n + 7 = 5*q. Let i(s) = 7*s + 7. What are the prime factors of i(q)?
2, 7
Let d be 2 - (-153 + (1 - -1)). Let p = d - 60. Suppose p = -5*m + 533. What are the prime factors of m?
2, 11
Suppose -3*i = -b + 12, 3*b = -2*i + 5 - 2. Suppose 4*v = -b*c + 1, -5*v + 5*c = -0*c - 10. List the prime factors of (1 + v)*-57*(-3)/18.
19
What are the prime factors of ((-7 - -4)/(-9) + -2)/((-2)/9282)?
5, 7, 13, 17
List the prime factors of (3357936/(-864))/(1/(-12)).
2, 3, 2591
Suppose 3*a + r = 4*a - 464, 2*r + 1848 = 4*a. Let p = -208 + a. List the prime factors of p.
2, 3, 7
Let r(m) = 107*m - 152. Let f(s) = s**2 + 2*s - 11. Let n be f(4). What are the prime factors of r(n)?
3, 7, 59
Let c = -202 - 466. Let w = c - -1146. List the prime factors of w.
2, 239
Let w = 21942 + 11111. What are the prime factors of w?
33053
Let b = 42 + -25. Let d(m) = -2*m**2 + 36*m. Let i be d(b). List the prime factors of i/10 - (-26)/(-65).
3
Suppose -23*p + 582 = 4*h - 21*p, 3*h - 3*p = 423. Suppose -q + h - 15 = 4*n, 5*n + 25 = 0. What are the prime factors of q?
149
Let l = -7015 - -11081. What are the prime factors of l/(-57)*6/16*-4?
107
Let m(p) = 494*p + 52. Let r be m(13). Suppose 5*s - 18*s = -r. What are the prime factors of s?
2, 3, 83
Let u be (1 + 44/(-20))*75/(-2). Let p = 45 - u. Suppose -429 = -2*k - 5*d, 2*k + d - 286 - 163 = p. What are the prime factors of k?
227
Let k be ((-685)/(-15))/((-2)/12). Let i = 646 + k. What are the prime factors of i?
2, 3, 31
Let v(p) = 12*p**2 + 30*p + 40. List the prime factors of v(-31).
2, 17, 313
Let f be -1 - -93 - (-1 + 1). Let c be (11/2)/11*-6. Let k = f + c. What are the prime factors of k?
89
Let r be (-1)/4 - (-4 - 10/8). Suppose -r*p + 44 - 296 = -b, b - 224 = -2*p. List the prime factors of b.
2, 29
Let w = 48158 - 87998. List the prime factors of (-4)/10 - 0 - w/100.
2, 199
Suppose -j - 2*a = -38518, -6*a = 2*j - 7*a - 77071. What are the prime factors of j?
2, 3, 13, 19
Suppose 3*c - 71705 = -2*c - 5*h, -5*h + 5 = 0. List the prime factors of c.
2, 3, 5, 239
Let h(j) = 2*j**2 + j + 1. Let k = 30 + -27. Let y be k/(-7) + (-1 - 270/(-42)). List the prime factors of h(y).
2, 7
Let y = 248 + -243. Suppose k + 3*q = 4*k - 2568, -2*k = -y*q - 1703. What are the prime factors of k?
859
Let v be ((-5 - -2) + -17)*48/15. Let s = v + 110. Suppose -44*y = -s*y + 226. What are the prime factors of y?
113
Let q = 16167 + -11062. What are the prime factors of q?
5, 1021
Let f be 4/22 + (-2691)/99. What are the prime factors of (-1056)/(-9) + (-18)/f?
2, 59
Let v be ((-703)/(-38))/(2/(-20)). Let j = 293 + v. What are the prime factors of j?
2, 3
Suppose 0*p + p = 2. Suppose m - 3*m + 55 = -3*g, -2*g = p*m + 50. What are the prime factors of (-1107)/g + 6/21*1?
53
Let c(x) = 9*x**3 + 7*x**2 - 62*x + 3. Let p be c(5). Let u = 75 + p. List the prime factors of u.
2, 3, 89
Let s = 601 - 348. Suppose -560 = -2*a - 4*p, -a - 4*p + 29 + s = 0. What are the prime factors of a?
2, 139
List the prime factors of (-6)/4 + (-15)/(330/(-10109)).
2, 229
Let h = 113 + -41. Suppose 6*u + h = 10*u. Let m = u + 48. What are the prime factors of m?
2, 3, 11
Suppose 0 = 3*b + 3 + 3. Let r = b + 30. Suppose -27*t = -r*t + 92. What are the prime factors of t?
2, 23
Suppose 38 = -5*g + 38. Suppose -i = -g*p - 4*p + 182, 5*i + 4*p = -1030. Let y = -71 - i. List the prime factors of y.
131
Let s = -54 - -69. Let k = s - 13. Suppose 0 = -l - k*p + 77 - 11, 3*p - 67 = -l. List the prime factors of l.
2
Let z = -10 - -135. List the prime factors of -5*(2 - (-5)/(z/(-2160))).
2, 211
Let s be (-111)/4*(-4576)/78. Let r = s + -76. List the prime factors of r.
2, 97
Suppose 5*z - u - 257904 = 0, 2*z - 4*u - 15341 = 87817. What are the prime factors of z?
51581
Let l(s) = 77*s**2 + 32*s - 21. Let n(b) = -75*b**2 - 31*b + 19. Let u(f) = -3*l(f) - 4*n(f). List the prime factors of u(4).
3, 401
Let p = -5149 - -5153. Suppose 0*t = -4*t - 4*x + 12, 0 = -x + 1. What are the prime factors of 177 - (p + -4)/t?
3, 59
Let z(f) = -40*f**3 - 4*f**2 - 4*f - 6. Let r be z(-5). Suppose 0*i + 6*i = r. What are the prime factors of 0/(-2) + -2 - i/(-39)?
19
Let v(p) be the third derivative of p**6/30 - 11*p**5/60 - 5*p**4/24 + 2*p**3 - 153*p**2. List the prime factors of v(8).
2, 7, 47
Let m(p) = -4*p + 3 + 0*p + 14*p**3 + 12*p**3 - 27*p**3. Let a be m(-5). Let x = 253 - a. What are the prime factors of x?
3, 5, 7
Let v = 1052 + -985. Let m(g) = g - 29. Let i be m(0). Let o = v + i. List the prime factors of o.
2, 19
Let s(j) = 2940*j - 5592. What are the prime factors of s(24)?
2, 3, 2707
Let i(y) = y**2 + 24*y - 78. Let w be i(-27). Suppose -1358 = -4*q + 2*h, -6*q = -w*q + 4*h - 1035. List the prime factors of q.
11, 31